 2*j + 1. Let z be s(1). Let p = 6 - z. Give l(p).
-12
Let c = 15 - 8. Suppose 6 = 4*y - 6. Let a(t) = t**3 + 7*t**2 - 5*t - 3. Let q(f) = -2*f**3 - 14*f**2 + 9*f + 6. Let w(i) = c*a(i) + y*q(i). Calculate w(-8).
-3
Let u(z) = 0*z + 14 + 0*z + z. Suppose -5*i - 56405 + 56375 = 0. Determine u(i).
8
Let u be 1338/9 - 1/(-3). Let g(n) = -u*n + 291*n - 143*n. What is g(-1)?
1
Let q(y) = -16. Let c(i) = 10*i + 5. Let l(z) = 13*z + 7. Let h(o) = 4*c(o) - 3*l(o). Let a(j) = -h(j) - q(j). Calculate a(0).
17
Let s(y) = -3*y - 33. Let r(q) = 196*q**2 + q + 3. Let v be r(-2). Suppose 0 = v*n - 777*n + 88. Determine s(n).
0
Let p(d) = 2*d**3 + 10*d**2 - 21*d - 53. Let i be (17/1 - 20)*2. Determine p(i).
1
Let t(u) = 2*u**3 - u**2 - u + 14. Let s(h) = -11*h**3 + h**2 + 3*h - 70. Let c(p) = s(p) + 5*t(p). Let o(w) = w**2 - 3*w - 3. Let l be o(3). Determine c(l).
-3
Let s(w) = 10*w**2 - 1. Let z be (-1 - 1)*(-11 + 13). Let l be z - 12*4/(-6). Suppose -l*y + 0 = -4. Determine s(y).
9
Let x(d) = d**2 + 9*d - 27. Let f be x(-12). Suppose 0 = -f*p + 8 + 37. Let a(k) = 3*k - 11. Determine a(p).
4
Let s = -27023 + 27023. Let o(u) = -2*u**2 + 3. Give o(s).
3
Let r(a) = -47*a**3 - 9*a**2 - 3. Let j(q) = 39*q**3 - 120 + 31*q**3 + 125 + 14*q**2. Let n(d) = 5*j(d) + 8*r(d). Give n(1).
-27
Let c(n) = -n**2 - 10*n + 29. Let g be ((-24)/9)/((-18)/(-12) - 12/9). What is c(g)?
-67
Suppose -11 = -2*j + 3*r, 5 = 5*j - 7*r + 4*r. Let s(y) = -17*y - 6. Let w(g) = -16*g - 5. Let z(n) = -6*s(n) + 7*w(n). Calculate z(j).
21
Suppose 186*p - 285 = 217*p + 25. Let z(q) = 3*q**3 + 11*q**2 - 10*q - 3. Let u(t) = -t**3 - t**2 - 1. Let w(l) = -2*u(l) - z(l). Give w(p).
5
Let m(v) = -v**2 + 46*v - 269. Let z be m(7). Let d(k) = -15*k + 0 + 4*k**2 - z + 0 - 2*k**2. Give d(7).
-11
Let i(t) = -2*t - 7. Let v(u) = 11*u + 67. Let f(o) = -6*i(o) - v(o). Give f(3).
-22
Let u(i) = -i**3 + 12*i**2 - 4*i - 63. Let m(y) = 3*y**3 - 22*y**2 + 7*y + 125. Let n(x) = 3*m(x) + 7*u(x). What is n(-9)?
-3
Let l(c) be the first derivative of c**4/12 + c**3/6 - c**2/2 + 106*c - 59. Let x(p) be the first derivative of l(p). Give x(2).
5
Let j(l) = -22*l**2 + 62*l + 9. Let v be j(3). Let k(u) = -u**2 + 3*u - 2. Let h(g) = -5*g**2 + 13*g - 7. Let n(z) = 2*h(z) - 9*k(z). What is n(v)?
-2
Let f(y) = 35. Let o(m) = m - 3. Let h be 13/6 - (5/30 - 0). Let a(r) = h*o(r) - f(r). Determine a(19).
-3
Let a = 10238 - 10219. Let o(j) be the third derivative of a*j**2 + 1/12*j**4 - 1/30*j**5 + 1/6*j**3 + 0 + 0*j. Determine o(3).
-11
Suppose -55 - 71 = -63*q. Let s(b) be the first derivative of -14 + 5/2*b**q + b. What is s(1)?
6
Let n(c) = -8*c + 6 - c**3 + 6*c**2 + 9*c**2 - 8*c**2. Let d be n(6). Let h(v) = -2 + 593*v**2 - 21*v - 594*v**2 + 14*v. Give h(d).
4
Let u(n) = -n**2 + 3*n - 4. Let z(r) = -r**3 - 25*r**2 - 24*r - 40. Let g be z(-24). Let d be 5*(12/g)/(15/(-20)). Determine u(d).
-2
Let v(z) be the third derivative of z**4/12 - z**3 + 67*z**2. Let w(b) = -3*b + 7. Let r(n) = 5*v(n) + 4*w(n). Let y = 13 + -9. What is r(y)?
-10
Let p(b) = 2*b**2 + 4*b - 3. Suppose 2*r - 130 = -11*r. Suppose -4*s - r + 22 = 0. Give p(s).
27
Let y(v) = v**3 - 8*v**2 + 8*v - 12. Let d be 16/(-2) + -69 + 85. Calculate y(d).
52
Let v be -2 - (-1)/1 - 185. Let f = v + 193. Let u(m) be the third derivative of -m**5/60 + m**4/3 - 4*m**3/3 + m**2. Determine u(f).
-1
Let u = 32443 - 32435. Let r(a) be the third derivative of a**5/60 - a**4/3 + a**3/2 - a**2. Determine r(u).
3
Suppose 3*f = -3, -4*f + 0 = -5*h + 39. Let b(w) = -2*w - 5. Let v(y) = 1. Let j(o) = 3. Let l(u) = -j(u) + 2*v(u). Let k(i) = -b(i) + 6*l(i). Determine k(h).
13
Let k(i) be the first derivative of -i**3/3 - 11*i**2/2 - 1. Let u = 222759 - 222770. Calculate k(u).
0
Let q = 14481 + -14485. Let k(f) = 38*f + 154. Give k(q).
2
Suppose -c = -3*s - 6, 4*s + 1526 = 2*c + 1514. Let l(o) = o + 13. Let f(v) = -v + 4. Let i be f(3). Let w(g) = 1. Let d(t) = i*l(t) - 6*w(t). Calculate d(c).
13
Suppose 5*l + z = 61, -116 = 51*l - 56*l - 6*z. Let u(b) = b. Let m(f) = -f**2 + 7*f - 23. Let h(d) = m(d) + 4*u(d). Give h(l).
-13
Let i(p) = p**2 - 9*p - 75. Let m be i(14). Let b(c) = -11*c - 5. Let j(u) = -9*u - 4. Let o(l) = m*j(l) + 4*b(l). Suppose 0 = 2*d - 12 - 0. What is o(d)?
6
Let y = 9 - -1. Let s(o) be the second derivative of -o**3/3 + 6*o**2 + o - 3. Determine s(y).
-8
Let q(t) = -16*t - 4. Let b be (-819)/(-182)*3*4/3. Suppose b*l = -36 - 18. Give q(l).
44
Let s(d) = -d**3 - d**2 + 3*d - 3. Let p(a) = -a**3 - 3*a**2 - 2*a + 6. Let h be p(-6). Let k = h + -232. Let f = 108 + k. Give s(f).
-9
Let l(d) be the first derivative of d**4/4 - 10*d**3/3 + d**2 + 7*d - 10516. Calculate l(10).
27
Let v(n) = -20*n - 528. Let m be v(-26). Let w(s) be the third derivative of s**4/24 + s**3/6 - 15*s**2. Give w(m).
-7
Let o be (-8497)/(-145) - 4/(-10). Let j(g) = -4*g**3 - o*g**2 + 58*g**2 + 3*g**3 - 1. What is j(-2)?
3
Let r(p) = -p**3 - 4*p**2 + 21*p + 48. Suppose 20*i - 19394 + 19514 = 0. Calculate r(i).
-6
Let x be 5/(-10)*1*-2. Suppose 3*r + 13 + x = k, -k = 2*r + 16. Let q(h) = 4*h + 22. Give q(r).
-2
Let i(v) be the first derivative of 15*v**2/2 + 2*v + 3. Let w be (19 - 21)/(3/2 + -2). Suppose w*y - 4*q = -q - 23, -2*q = -2*y - 14. What is i(y)?
-28
Suppose -72 + 0 = -14*b + 54. Let n(i) = 2*i**2 - 6*i - 40. Give n(b).
68
Let m(p) be the first derivative of -p**4/4 + p**3 + 3*p**2/2 - p + 1720. Determine m(3).
8
Let x(m) = -7 - 86*m - 88*m + 344*m - 88*m - 83*m. What is x(6)?
-13
Suppose 72*c - 58*c - 129 = d, d - 24 = -3*c. Let n(b) = -15*b + 157. Determine n(c).
22
Let a(n) = -n**2 + 6*n - 4. Let m = -93 - -58. Let x = 3 - m. Let q = 43 - x. Calculate a(q).
1
Let r = 78 - 71. Suppose -29*w + r*w = 154. Let l(f) = -f + 6. What is l(w)?
13
Let t(f) = -4*f**2 + 19*f - 2. Suppose -56*j - 35*j + 364 = 0. What is t(j)?
10
Let o(j) = -j**3 + 12*j**2 + 13*j - 5. Suppose 0 = -0*d - 7*d + 28. Suppose 3*x = -d*n + 43, -4*n + 5 - 1 = 0. What is o(x)?
-5
Let x(p) = -35*p + 298. Let w(q) = -78*q + 607. Let t(s) = -6*w(s) + 13*x(s). Give t(-18).
-2
Let g(v) = -v**3 + 16*v**2 + 36*v + 5. Let s be ((-6)/21)/(((-16)/84)/4). Let n be s/((4 - -2)/18). What is g(n)?
5
Let g(t) = 205 - 4*t - 3*t**2 - 205 - t**2 + 5*t**2. Give g(8).
32
Let t(m) = m**3 + 4*m**2 - 3. Let q = 5 + -6. Suppose -15*l + 11*l = -12. Let j be q - (1 + 6/l). Determine t(j).
-3
Let j(s) = -s - 1. Let h(l) = l + 13. Let m be h(-6). Let x(n) = -26 + m*n - 2*n + 34. Let f(z) = -6*j(z) - x(z). What is f(6)?
4
Let l(w) = 9*w + 1445473 + 1445472 - 2890942. Suppose 2*k + u + 2 = -1, 5*u + 10 = -5*k. What is l(k)?
-6
Let d = -27445 - -27448. Let m(n) = 3*n**3 - 5*n**2 - 2*n + 8. What is m(d)?
38
Let m be ((-4)/(-8))/((-3)/(-114)). Let h = m + 48. Let k = h + -61. Let s(b) = b - 5. What is s(k)?
1
Let v(p) = 17*p**2 - 21*p - 23. Let o(d) = 37*d**2 - 43*d - 40. Let z(q) = -6*o(q) + 13*v(q). What is z(-8)?
-3
Let z(p) be the first derivative of -p**2/2 + 9*p - 4291. Determine z(-3).
12
Let j be (176/(-12))/((-96)/216)*1/(-3). Let p(o) = -o**2 - 20*o - 36. Calculate p(j).
63
Suppose -50 = -32*r + 22*r. Let p(h) be the third derivative of h**4/24 + h**3/6 + 35*h**2. Calculate p(r).
6
Let o(c) = -2*c - 13. Let f(l) = 3*l + 27. Let u(r) = 9*r + 82. Let w(z) = -7*f(z) + 2*u(z). Suppose -18 = 4*n + 2. Let v(h) = n*o(h) + 3*w(h). What is v(5)?
-5
Suppose 13*h = 5*h + 40. Suppose 3*b = -0*b + 9. Let l(r) = 2*r**2 - 2 - h*r + r**2 + 5*r + 2*r - r**b. Give l(3).
4
Suppose 4*z - 37*x - 44 = -38*x, 3*x = 5*z - 55. Let c(r) = -6*r - 6 - 10*r**2 - 4*r - 2 + r**3. What is c(z)?
3
Suppose 4*i = 4*f - 40, 0 = -5*f - 5*i - 2 + 32. Let c(b) = -6*b**2 - 4*b - 2*b - 3*b**2 + f*b**2. Let k be (2/3)/((-5)/45). Determine c(k).
0
Let m(x) = -x**2 - 6*x - 5. Suppose -5*s = -3*s + 6. Let j be 4 - (2 + s + 0). Let z be j*-2 + 8 + -4. What is m(z)?
-5
Let p(x) = 3*x**2 - 160*x + 159. Let j be p(1). Let i(b) be the second derivative of 8*b + 5/12*b**4 + 1/2*b**j - 1/6*b**3 + 0. What is i(1)?
5
Let g(u) = -7*u - 14. Let i be g(-7). Suppose 5*a + 5 = i. Let h(m) = -a*m**2 + 1 + 10*m**2 - 5*m**2. Calculate h(1).
0
Let n(g) = -286 - 5*g + 0*g + g**2 + 289. Let f be n(6). Suppose 0 = 24*k - 23*k + f. Let b(m) = -m**3 - 8*m**2 + 11*m + 11. Calculate b(k).
-7
Suppose -q - 33 +